he units digit of 4598857?
7
What is the thousands digit of 16242466?
2
What is the tens digit of 211731?
3
What is the units digit of 1495791?
1
What is the millions digit of 15676889?
5
What is the thousands digit of 779535?
9
What is the hundred thousands digit of 265469?
2
What is the thousands digit of 821246?
1
What is the units digit of 109597?
7
What is the ten thousands digit of 3084884?
8
What is the millions digit of 9615668?
9
What is the hundreds digit of 195896?
8
What is the hundreds digit of 2291033?
0
What is the hundreds digit of 5181597?
5
What is the ten thousands digit of 1894790?
9
What is the hundreds digit of 769389?
3
What is the ten thousands digit of 900073?
0
What is the millions digit of 4091606?
4
What is the millions digit of 10672956?
0
What is the ten thousands digit of 195418?
9
What is the thousands digit of 879432?
9
What is the ten thousands digit of 490713?
9
What is the tens digit of 1116851?
5
What is the tens digit of 968846?
4
What is the thousands digit of 778031?
8
What is the hundred thousands digit of 4441212?
4
What is the tens digit of 35086122?
2
What is the thousands digit of 5818967?
8
What is the hundreds digit of 2584287?
2
What is the units digit of 790792?
2
What is the ten thousands digit of 799913?
9
What is the hundreds digit of 3712935?
9
What is the ten thousands digit of 5026329?
2
What is the thousands digit of 601605?
1
What is the hundred thousands digit of 1709233?
7
What is the ten thousands digit of 2161435?
6
What is the hundred thousands digit of 14129706?
1
What is the ten thousands digit of 9620806?
2
What is the units digit of 8176390?
0
What is the hundred thousands digit of 385353?
3
What is the ten thousands digit of 5555175?
5
What is the millions digit of 2610198?
2
What is the ten thousands digit of 3171677?
7
What is the hundreds digit of 3014294?
2
What is the ten thousands digit of 3239871?
3
What is the hundreds digit of 306874?
8
What is the ten millions digit of 22508642?
2
What is the thousands digit of 11027669?
7
What is the hundred thousands digit of 496032?
4
What is the tens digit of 5058651?
5
What is the ten millions digit of 14601499?
1
What is the hundred thousands digit of 2622529?
6
What is the tens digit of 976017?
1
What is the units digit of 725192?
2
What is the hundred thousands digit of 288174?
2
What is the thousands digit of 575462?
5
What is the thousands digit of 3641841?
1
What is the ten thousands digit of 234581?
3
What is the units digit of 2265130?
0
What is the units digit of 292850?
0
What is the tens digit of 16027437?
3
What is the tens digit of 3353733?
3
What is the units digit of 10459?
9
What is the ten thousands digit of 179491?
7
What is the tens digit of 1777637?
3
What is the hundred thousands digit of 527444?
5
What is the millions digit of 1702821?
1
What is the hundred thousands digit of 712353?
7
What is the millions digit of 1647212?
1
What is the tens digit of 373361?
6
What is the ten thousands digit of 359242?
5
What is the hundred thousands digit of 1976431?
9
What is the thousands digit of 180880?
0
What is the thousands digit of 120579?
0
What is the units digit of 4960084?
4
What is the hundred thousands digit of 313560?
3
What is the hundred thousands digit of 146995?
1
What is the ten thousands digit of 456632?
5
What is the tens digit of 99363?
6
What is the ten thousands digit of 73559?
7
What is the units digit of 20665?
5
What is the tens digit of 87856?
5
What is the hundred thousands digit of 1211871?
2
What is the ten millions digit of 20695960?
2
What is the ten thousands digit of 255649?
5
What is the tens digit of 2955297?
9
What is the ten thousands digit of 13966006?
6
What is the ten thousands digit of 5988244?
8
What is the tens digit of 3909982?
8
What is the ten thousands digit of 16318225?
1
What is the millions digit of 2589880?
2
What is the hundreds digit of 7196277?
2
What is the units digit of 219175?
5
What is the units digit of 344789?
9
What is the ten thousands digit of 13629880?
2
What is the ten thousands digit of 70924?
7
What is the millions digit of 10543941?
0
What is the thousands digit of 9503661?
3
What is the hundred thousands digit of 11590680?
5
What is the units digit of 541813?
3
What is the units digit of 275539?
9
What is the ten thousands digit of 16741?
1
What is the thousands digit of 138381?
8
What is the hundreds digit of 106736?
7
What is the hundred thousands digit of 2828205?
8
What is the tens digit of 905986?
8
What is the hundred thousands digit of 385887?
3
What is the tens digit of 4373255?
5
What is the hundreds digit of 55375?
3
What is the hundred thousands digit of 3629946?
6
What is the hundred thousands digit of 1964643?
9
What is the thousands digit of 245910?
5
What is the hundred thousands digit of 1127348?
1
What is the hundreds digit of 184303?
3
What is the hundreds digit of 345990?
9
What is the thousands digit of 1236249?
6
What is the ten thousands digit of 246776?
4
What is the ten thousands digit of 1114431?
1
What is the thousands digit of 2913552?
3
What is the hundreds digit of 192038?
0
What is the thousands digit of 2413259?
3
What is the hundred thousands digit of 4915512?
9
What is the ten thousands digit of 1639582?
3
What is the thousands digit of 11918627?
8
What is the hundred thousands digit of 14952027?
9
What is the hundred thousands digit of 2922858?
9
What is the thousands digit of 2987397?
7
What is the tens digit of 315545?
4
What is the tens digit of 2815439?
3
What is the units digit of 11696316?
6
What is the tens digit of 41870?
7
What is the hundreds digit of 2561730?
7
What is the ten thousands digit of 5077250?
7
What is the tens digit of 202770?
7
What is the thousands digit of 252449?
2
What is the units digit of 7542865?
5
What is the units digit of 9218922?
2
What is the ten thousands digit of 65681?
6
What is the hundred thousands digit of 6543725?
5
What is the hundreds digit of 3380551?
5
What is the millions digit of 3122336?
3
What is the hundreds digit of 713229?
2
What is the hundreds digit of 668807?
8
What is the tens digit of 18873484?
8
What is the hundreds digit of 600857?
8
What is the millions digit of 14773099?
4
What is the hundreds digit of 1508644?
6
What is the hundred thousands digit of 422814?
4
What is the millions digit of 3601929?
3
What is the hundred thousands digit of 304079?
3
What is the hundred thousands digit of 312563?
3
What is the hundred thousands digit of 1510926?
5
What is the ten thousands digit of 329696?
2
What is the tens digit of 898458?
5
What is the thousands digit of 2208742?
8
What is the thousands digit of 212970?
2
What is the units digit of 6087053?
3
What is the hundreds digit of 735198?
1
What is the tens digit of 22947845?
4
What is the hundreds digit of 57734?
7
What is the hundreds digit of 563389?
3
What is the units digit of 1971123?
3
What is the thousands digit of 1420363?
0
What is the thousands digit of 28710?
8
What is the thousands digit of 37070?
7
What is the ten millions digit of 14324109?
1
What is the thousands digit of 690868?
0
What is the hundreds digit of 493076?
0
What is the ten thousands digit of 474661?
7
What is the hundred thousands digit of 591969?
5
What is the units digit of 757746?
6
What is the ten thousands digit of 13545?
1
What is the hundred thousands digit of 140098?
1
What is the thousands digit of 6419021?
9
What is the hundred thousands digit of 286274?
2
What is the thousands digit of 856885?
6
What is the hundreds digit of 8735481?
4
What is the thousands digit of 3767015?
7
What is the ten millions digit of 18103775?
1
What is the thousands digit of 135165?
5
What is the tens digit of 595136?
3
What is the hundred thousands digit of 1156957?
1
What is the units digit of 298562?
2
What is the hundreds digit of 2640384?
3
What is the hundred thousands digit of 177920?
1
What is the hundred thousands digit of 3938861?
9
What is the hundred thousands digit of 1485872?
4
What is the ten thousands digit of 246113?
4
What is the hundred thousands digit of 10618798?
6
What is the tens digit of 25086759?
5
What is the ten thousands digit of 4022884?
2
What is the ten thousands digit of 1321942?
2
What is the units digit of